)*2202/4?
2
Suppose -151*g + 1601 = -148*g + 4*a, 0 = 4*g - a - 2160. What is the units digit of g?
9
Let m(w) be the third derivative of w**4/12 - 2*w**3/3 - 24*w**2. Let c be m(4). Suppose 0 = c*q - 202 - 262. What is the tens digit of q?
1
Suppose -5*f + 21028 = -4*m, 0*m + 20979 = 5*f + 3*m. What is the units digit of f?
0
Let y(b) be the third derivative of -7*b**2 + 7/6*b**5 + 0 - b - 1/2*b**3 + 1/8*b**4. What is the units digit of y(2)?
3
Suppose -9*g - 63*g - 59*g = -951322. What is the hundreds digit of g?
2
Let z = -101 + 210. Let f = z - -117. What is the hundreds digit of f?
2
Let r = -5977 - -15839. What is the hundreds digit of r?
8
Suppose 0 = 3*w - 5*b - 160107, -14*w - 3*b = -12*w - 106776. What is the units digit of w?
9
Let g(h) = -41 - 19 + 14 + 18*h + 2*h + 25*h. Let m be 24/4 + 0/(-3). What is the hundreds digit of g(m)?
2
Let s be 7 + (0/1 - -11). Let o(v) = v**2 - 12*v - 43. What is the tens digit of o(s)?
6
Let q(h) = 213*h - 807. What is the hundreds digit of q(14)?
1
Let f = 15032 - 8812. What is the thousands digit of f?
6
Let x = -950 + 545. Let d = x + 1204. What is the hundreds digit of d?
7
Suppose 0 = -228*p + 203*p + 111150. What is the units digit of p?
6
Let y = -16 - -24. Suppose y*v - 18 = -2. Suppose -a - a = -v*o + 230, 5*o - 4*a = 574. What is the units digit of o?
4
Let p = 23298 + -13916. What is the thousands digit of p?
9
What is the hundreds digit of 11/((-77)/70) + 5273?
2
Suppose -12*o + 26*o = -4*o + 645174. What is the ten thousands digit of o?
3
Let k(f) = 659*f**3 + 2*f**2 - 39*f + 42. What is the thousands digit of k(4)?
2
Let w(f) = f**3 + 10*f**2 + 34*f - 88. What is the hundreds digit of w(29)?
6
Let b be 2 + 0*2/6. Let x(n) = -12 - b - 13*n - 53 + 6. What is the tens digit of x(-19)?
8
Let p(f) = f**2 + 112*f + 4154. What is the ten thousands digit of p(106)?
2
Let h(u) = -4*u**3 - 11*u - 19. Let r(x) = -2*x**3 - 6*x**2 + x - 3. Let k be r(-3). What is the hundreds digit of h(k)?
9
Suppose 0 = -4*w - 89 + 105. Suppose -w*k + 1746 = 2*u, 3*k = -u + 6*k + 848. What is the hundreds digit of u?
8
Suppose -47 - 3 = j. Let q = j + 59. What is the tens digit of (-1)/3*2 - (-1239)/q?
3
Let f(l) = 37*l - 5. Let n be f(-13). Let w = -195 - n. Let x = w + -79. What is the hundreds digit of x?
2
Let s = 184 + -192. What is the units digit of ((-4)/10)/(s/8160)?
8
Let o = 6158 - -942. What is the hundreds digit of o?
1
What is the thousands digit of 3/(-2)*(-39332 - 34)?
9
Let y be (14 - 18 - (-756 - 0)) + -1. Let q = y + -391. What is the tens digit of q?
6
Suppose 30*v = 543 + 27. What is the tens digit of (379 - v) + 7/(-1)?
5
Let x be 48/(12 - 0) + 0 + 44. What is the hundreds digit of (36/x)/((3/1336)/1)?
3
Suppose 13*v + 80 = 21*v. Suppose 0 = -v*q + 2*q + 24. Suppose 2*g + 495 = q*i - 2*g, -5*i = 2*g - 851. What is the hundreds digit of i?
1
Suppose 97*k + 23*k - 1029360 = 0. What is the units digit of k?
8
Suppose -3*w = u - 7256, 12*w = -5*u + 16*w + 36356. What is the hundreds digit of u?
2
Suppose 608*v - 607*v - 2*h = 3065, 0 = 5*v + 3*h - 15286. What is the tens digit of v?
5
Let z = -8779 - -18162. What is the tens digit of z?
8
What is the thousands digit of 1 - -8 - -2124 - 24/(-3)?
2
Let q(p) = -8*p - 58. Let a be q(-7). What is the tens digit of 612 + ((-4)/a - 5)?
0
Let g(q) = -36*q**3 + q**2 + 3*q + 6. Let a be g(-2). Suppose 16*b - 1884 - a = 0. What is the tens digit of b?
3
Suppose -286 = -6*w + 38. Suppose -60 - 177 = -4*l - 5*r, 3*r = -l + w. What is the tens digit of l?
6
Let w(r) = r**2 - 12*r + 21. Let m be w(10). Let h be -3 - m - (0 - 1). What is the tens digit of (-6 + 5/h)/((-2)/18)?
6
What is the hundreds digit of 53*(7 + (7 - -432) - -3)?
7
Let y(m) = -5*m**2 + m**3 + 3*m + 4*m + 12 - 8*m. Let z be y(0). Suppose -z*v = -11*v - 4. What is the units digit of v?
4
Suppose -j + 147927 = 6*k, 4*k - 144304 = j - 45691. What is the tens digit of k?
5
Let n(q) = 273*q**3 + 3*q**2 + 24*q - 59. What is the thousands digit of n(3)?
7
Let n = 18 - 14. Suppose 5 = -2*m - 3*g, -5*m - n*g + 6*g = -16. Suppose 0 = v + 2, -m*t + t - 2*v = -33. What is the tens digit of t?
3
Let k(s) = -1766*s + 2392. What is the hundreds digit of k(-25)?
5
Suppose -2*p - 8*c = -7400, -63*c - 18404 = -5*p - 59*c. What is the tens digit of p?
8
Suppose 12*x - 8*x = 0. Let l(s) = -s**3 + s**2 - s + 11. Let j be l(x). Suppose -o = -j*o + 150. What is the tens digit of o?
1
Let y(i) = -3*i**3 - 4*i**2 + 4*i + 5. Let t be y(-2). Suppose t*g - 2*g + 1249 = 4*q, -q + 5*g = -308. What is the hundreds digit of q?
3
Suppose -9*l = -3934 - 148485 + 12424. What is the tens digit of l?
5
Suppose -40*s + 6 = -43*s, -3*k = 4*s - 51658. What is the units digit of k?
2
Let p(d) = 88*d**2 - 12*d + 63. What is the hundreds digit of p(14)?
1
Let o = -20424 + 32437. What is the ten thousands digit of o?
1
Let x be (-4)/4*(-120 - -2). Suppose -207 = -3*g + 3*m, -m + 93 + x = 3*g. Suppose -g = -4*o + 34. What is the tens digit of o?
2
Let h(r) be the second derivative of -r**3 + 9*r**2 + 2*r. Let i(g) = g**2 + 57*g + 153. Let q be i(-54). What is the units digit of h(q)?
2
Suppose 5*k = -5*f + 5, 0 = 2*f - 2. Let q be -8*(3 + k)/(2/(-1)). What is the units digit of (8/q + 0)/((-3)/(-909))?
2
Suppose 4*f + 5*g - 16 = 0, 7*f + 2*g - 16 = 3*f. Suppose -70 = -f*p + 2114. What is the units digit of p?
6
Suppose -9737907 = -364*c + 99*c + 5005633. What is the thousands digit of c?
5
Let w be (-1 - (-4 + 3))/1. Suppose w*f = -2*f + 26. Suppose 37 = -2*m + 7*m + b, 3*b - f = -m. What is the units digit of m?
7
Let u(j) = 22*j + 687. What is the tens digit of u(-7)?
3
Let b(r) = -131*r + 54. Suppose 49 = -23*g - 89. What is the hundreds digit of b(g)?
8
Let r be 3/5 + (-2570)/(-50). Suppose -48*j = -r*j + 4236. What is the hundreds digit of j?
0
Suppose -92*k + 6 = -90*k, k + 4947 = g. What is the tens digit of g?
5
Let o(d) = d**2 + 6*d + 2. Let k be o(-6). Suppose -9*s + 4*s = -k*m - 2, -m = -2*s + 1. Suppose s = -5*u + 119 + 426. What is the units digit of u?
9
Let o(d) = d**2 - 6*d + 3. Let b = 27 + -23. Suppose -b*t - 7 = -23, 4*q = -t + 32. What is the units digit of o(q)?
0
Suppose 10*h = 12*h + 30. Let b be (-12)/30 + (-36)/h. Suppose 5*y = b*s + 152, -22 = -y - 4*s + 4. What is the units digit of y?
0
Let s be (-6)/(-27) + (-1636)/(-9). Suppose 0 = -2*c + 186 + s. What is the units digit of -3*c/15*(-15)/6?
2
Let r(m) = m**3 - 39*m**2 - 2*m + 22. Let h be r(12). What is the hundreds digit of (-1)/(-3) + h/(-30)?
1
Suppose 1299 = -2*g - 2*n + 4543, 5*g - 8104 = -3*n. Let t = g - 648. What is the units digit of t?
1
Suppose p + 5*c = 42, 3*p = -6*c + 10*c + 69. Let i(o) = 18*o - 26*o**2 - 3 - p*o**2 - 3 + 52*o**2. What is the tens digit of i(12)?
6
Suppose -11*q + 31133 + 106587 = 0. What is the hundreds digit of q?
5
What is the hundreds digit of 9899 - ((-736)/(-230))/((-6)/15)?
9
Suppose 0 = 4*s + 4*o - 9356, 3*s - 7017 = 13*o - 11*o. What is the units digit of s?
9
Let k = 211 + 1205. Suppose 11*i = 7*i + k. Let l = -182 + i. What is the units digit of l?
2
Let h(k) = 1131*k + 376. What is the units digit of h(2)?
8
Let l be (-1)/5*(-121 + 24/4). Suppose -137 = 5*y + l. Let n = y - -197. What is the tens digit of n?
6
Suppose -26*f + 12705 + 17013 = 0. Suppose -f*x = -1140*x - 1989. What is the tens digit of x?
6
Suppose 457*r = 154*r + 4838129 + 2205409. What is the tens digit of r?
4
Suppose 3*z + 2*a - 1750 = 6*z, 5*z - a + 2926 = 0. Let p = z + 1084. What is the units digit of p?
8
Let i(q) = -36*q - 14 + 97*q + 24*q**2 - 46*q. What is the hundreds digit of i(4)?
4
Suppose 131*q - 180 = 126*q. What is the tens digit of 27873/36 - 9/q?
7
Suppose 33*v - 31*v - 4 = 0. Suppose -v*m + 0*d - 2*d + 1170 = 0, 2*d - 1755 = -3*m. What is the hundreds digit of m?
5
Suppose 2*k - 12 = 0, -2*v + 0*k + 95866 = 3*k. What is the tens digit of v?
2
Let b = -68 - -71. Suppose 5 = b*q + 4*w, -2*w + 0*w = q - 1. What is the hundreds digit of ((-1552)/q)/(-4) - (-8)/12?
1
Let o(s) = s**3 - 20*s**2 + 34*s + 13. Let b be o(23). What is the units digit of (-420)/(-63)*b/10?
8
Let z = -3 + -24. Let s be -3*(-3)/z + (-220)/(-3). Suppose 2*p - s = -7. What is the tens digit of p?
3
Let y be 20*(21/6)/7. Let n(r) = -5*r + 18*r - 28 + y*r + 